319 a factor of 19095021?
True
Does 26 divide 128954172?
False
Is 190013268 a multiple of 7?
False
Is 3139062628 a multiple of 472?
False
Is 580 a factor of 148339302?
False
Is 352017555 a multiple of 1581?
True
Is 353 a factor of 78361764?
True
Is 228475056 a multiple of 830?
False
Does 218 divide 248407415?
False
Does 1880 divide 930519160?
True
Is 674166157 a multiple of 225?
False
Is 378183267 a multiple of 693?
True
Is 1033902324 a multiple of 3276?
True
Is 626955210 a multiple of 214?
False
Is 222 a factor of 1315515784?
False
Is 37 a factor of 551409002?
True
Does 2818 divide 316571860?
False
Is 294 a factor of 3082167481?
False
Is 175 a factor of 135883300?
True
Does 9 divide 320088420?
True
Is 19762654 a multiple of 1157?
False
Is 40 a factor of 11486661?
False
Does 117 divide 255062441?
False
Is 60780760 a multiple of 63?
False
Does 131 divide 2370944034?
False
Is 468 a factor of 781947972?
True
Is 44 a factor of 4231216?
True
Does 1042 divide 26983632?
True
Is 26122439 a multiple of 6?
False
Does 731 divide 54149881?
False
Is 33970716 a multiple of 117?
True
Is 191 a factor of 1158919622?
True
Does 90 divide 2287136340?
True
Does 21 divide 204710436?
True
Is 648952129 a multiple of 5439?
False
Is 85 a factor of 920353552?
False
Is 580318960 a multiple of 845?
True
Is 319 a factor of 1134923526?
True
Is 1361370627 a multiple of 5047?
False
Is 13 a factor of 410111728?
True
Does 15 divide 21762765?
True
Does 12 divide 681792024?
True
Is 289452726 a multiple of 220?
False
Does 26 divide 65602044?
False
Is 8 a factor of 1952771?
False
Is 3 a factor of 126451512?
True
Does 5147 divide 1690417878?
False
Does 140 divide 104741140?
True
Is 57 a factor of 96716109?
False
Is 754060 a multiple of 148?
True
Is 21 a factor of 31856802?
False
Is 54760990 a multiple of 157?
False
Does 2029 divide 36362555?
False
Is 2099474845 a multiple of 13?
True
Does 6587 divide 2364146429?
False
Is 4 a factor of 117265516?
True
Does 12 divide 273276?
True
Does 89 divide 156290497?
True
Does 3043 divide 45734325?
False
Is 540 a factor of 52905960?
True
Does 2 divide 115370569?
False
Does 47 divide 310080446?
False
Does 188 divide 114794304?
True
Does 1425 divide 295131857?
False
Is 22307090 a multiple of 15?
False
Is 91391348 a multiple of 718?
True
Is 102 a factor of 64873224?
True
Does 126 divide 68104072?
False
Is 570142720 a multiple of 40?
True
Is 1803420561 a multiple of 288?
False
Does 2 divide 11609013?
False
Does 437 divide 587413507?
False
Is 374 a factor of 24312273?
False
Does 4 divide 2096460520?
True
Does 2 divide 127110571?
False
Is 126558467 a multiple of 31?
False
Is 836925333 a multiple of 3155?
False
Is 5740621 a multiple of 73?
False
Is 46794148 a multiple of 172?
True
Is 300 a factor of 652800?
True
Does 4870 divide 250093980?
True
Is 236051760 a multiple of 240?
True
Is 724 a factor of 66485590?
False
Is 51736828 a multiple of 22?
True
Is 289151 a multiple of 6?
False
Is 20 a factor of 220613280?
True
Does 61 divide 11302132?
False
Is 707 a factor of 12397790?
False
Is 20 a factor of 715260?
True
Does 1574 divide 38289124?
True
Is 195700216 a multiple of 328?
True
Is 69 a factor of 73905072?
True
Is 17 a factor of 23852836?
True
Does 34 divide 19365754?
True
Is 76 a factor of 878907776?
True
Does 4 divide 32846378?
False
Is 2 a factor of 189341656?
True
Does 8925 divide 1321394954?
False
Does 14 divide 334652977?
False
Is 9 a factor of 2967678405?
True
Does 1295 divide 31961226?
False
Is 10 a factor of 101798970?
True
Does 1681 divide 55689849?
True
Is 382809447 a multiple of 2097?
True
Is 1044236909 a multiple of 4?
False
Is 75 a factor of 426825?
True
Is 2290104 a multiple of 136?
True
Does 282 divide 733568010?
True
Does 6 divide 126537978?
True
Is 3812 a factor of 57492910?
False
Is 10 a factor of 3107545470?
True
Does 8 divide 160569017?
False
Is 695078230 a multiple of 654?
False
Does 55 divide 23511842?
False
Does 134 divide 49841568?
True
Is 152955527 a multiple of 56?
False
Is 193207833 a multiple of 201?
True
Is 9 a factor of 68525?
False
Is 48864060 a multiple of 135?
True
Does 237 divide 23235876?
False
Does 15 divide 49142589?
False
Does 1152 divide 4458240?
True
Is 46707881 a multiple of 911?
True
Does 2038 divide 346460?
True
Does 156 divide 11634324?
True
Does 4 divide 8396591?
False
Is 17230791 a multiple of 7?
False
Does 75 divide 7784081?
False
Does 113 divide 35578954?
True
Is 1493 a factor of 63804510?
False
Is 140 a factor of 2304989960?
True
Is 110015631 a multiple of 11?
True
Is 247579808 a multiple of 14?
True
Is 53724561 a multiple of 3?
True
Is 5095 a factor of 187462328?
False
Does 3 divide 206945162?
False
Is 96162744 a multiple of 6?
True
Is 142 a factor of 134290962?
True
Is 903 a factor of 15004310?
False
Is 2673600 a multiple of 12?
True
Does 2217 divide 67268611?
False
Does 475 divide 197062512?
False
Does 147 divide 21703903?
False
Is 15 a factor of 49104814?
False
Is 82 a factor of 372483688?
True
Is 25 a factor of 395385179?
False
Is 166607710 a multiple of 562?
True
Is 431965304 a multiple of 1192?
True
Is 74 a factor of 571671548?
False
Is 45641102 a multiple of 13?
True
Is 99892452 a multiple of 6697?
True
Is 481 a factor of 17097626?
True
Is 129997280 a multiple of 140?
True
Does 123 divide 63607925?
False
Does 5 divide 47664805?
True
Does 24 divide 458715024?
True
Is 43461300 a multiple of 25?
True
Is 1099 a factor of 717436427?
False
Is 125 a factor of 277877542?
False
Is 155709831 a multiple of 8?
False
Is 2453 a factor of 70432989?
True
Does 85 divide 189934285?
True
Does 180 divide 24412320?
True
Is 3917967814 a multiple of 2198?
False
Does 15 divide 161899201?
False
Is 488 a factor of 12245872?
True
Is 479606645 a multiple of 133?
True
Is 5790722 a multiple of 34?
False
Does 276 divide 191728644?
True
Is 3 a factor of 37749183?
True
Does 796 divide 1059091936?
False
Is 1522 a factor of 145220108?
True
Is 37195962 a multiple of 71?
False
Is 4 a factor of 129227444?
True
Is 314040256 a multiple of 1651?
False
Does 41 divide 5968657?
True
Is 205 a factor of 822335975?
True
Does 46 divide 8368964?
True
Does 13 divide 11320686?
True
Does 4 divide 763058380?
True
Does 11 divide 2304414624?
False
Is 749 a factor of 48101465?
False
Does 795 divide 32072503?
False
Does 5 divide 214621802?
False
Is 14 a factor of 12273561?
False
Is 83936034 a multiple of 1302?
True
Is 3 a factor of 8347102?
False
Does 4802 divide 4075172710?
False
Does 55 divide 403003150?
True
Is 18 a factor of 605174724?
True
Is 847 a factor of 132242110?
True
Does 1402 divide 19535468?
True
Does 829 divide 26350594?
True
Is 66 a factor of 226155204?
True
Does 112 divide 1650052074?
False
Is 108 a factor of 1079981645?
False
Does 5761 divide 133617593?
False
Is 630089856 a multiple of 575?
False
Does 351 divide 170918397?
True
Is 774 a factor of 103550456?
False
Is 175 a factor of 275416225?
True
Is 171 a factor of 29774493?
False
Does 11 divide 1211399210?
False
Is 14053760 a multiple of 80?
True
Does 9 divide 427608904?
False
Does 235 divide 2487119188?
False
Is 6206 a factor of 1495207825?
False
Is 4979 a factor of 11903684?
False
Does 4706 divide 165707672?
True
Is 131 a factor of 2560264?
True
Is 146361612 a multiple of 292?
False
Does 18 divide 5612381?
False
Is 24923980 a multiple of 20?
True
Does 171 divide 75659314?
False
Is 1337 a factor of 1403732344?
True
Does 14 divide 1203804402?
False
Does 5 divide 75316225?
True
Is 104 a factor of 334900405?
False
Is 1037761298 a multiple of 2062?
True
Is 2314362 a multiple of 63?
False
Is 179270515 a multiple of 114?
False
Does 1267 divide 1625911?
False
Does 1482 divide 256630530?
True
Does 50 divide 155656400?
True
Is 49 a factor of 1659487771?
False
Does 15 divide 109508925?
True
Is 45 a factor of 1861426848?
False
Is 3339 a factor of 136287963?
True
Is 862 a factor of 2948040?
True
Is 10 a factor of 139554489?
False
Is 149377296 a multiple of 6056?
True
Is 3363094 a multiple of 84?
False
Is 118031952 a multiple of 114?
True
Is 1397 a factor of 31894907?
True
Is 8239 a factor of 2058258741?
True
Does 105 divide 609560280?
True
Is 9 a factor of 25677747?
True
Is 211 a factor of 45258867?
True
Is 44 a factor of 47471248?
True
Is 51 a factor of 145501247?
False
Is 13 a factor of 